{"id":507,"date":"2016-04-10T13:30:33","date_gmt":"2016-04-10T11:30:33","guid":{"rendered":"http:\/\/art-anima.com\/festival\/?page_id=507"},"modified":"2024-05-23T08:08:48","modified_gmt":"2024-05-23T06:08:48","slug":"program-2016","status":"publish","type":"page","link":"http:\/\/art-anima.com\/festival\/program-2016\/","title":{"rendered":"PROGRAM 2016"},"content":{"rendered":"<p><strong>Nedelja, 29. maj 2016.<\/strong><\/p>\n\n<table id=\"tablepress-7\" class=\"tablepress tablepress-id-7\">\n<thead>\n<tr class=\"row-1\">\n\t<th class=\"column-1\">Vreme<\/th><th class=\"column-2\">Doga\u0111aj<\/th><th class=\"column-3\">U\u010desnici<\/th>\n<\/tr>\n<\/thead>\n<tbody class=\"row-striping row-hover\">\n<tr class=\"row-2\">\n\t<td class=\"column-1\">18:00<\/td><td class=\"column-2\">Predstavljanje knjige \u201eName\u0161taljka\u201c Malkolma Rouza<\/td><td class=\"column-3\">Petar Kapuran, Marija Vukosavljevi\u0107, Aleksandar Guba\u0161<\/td>\n<\/tr>\n<tr class=\"row-3\">\n\t<td class=\"column-1\">19:00<\/td><td class=\"column-2\"><a href=\"http:\/\/art-anima.com\/festival\/2016\/05\/beovulf-kao-inspiracija-u-tolkinovom-stvaralastvu\/\">Predavanje: \u201eBeovulf kao inspiracija u Tolkinovom stvarala\u0161tvu\u201c<\/a><\/td><td class=\"column-3\">mr Nata\u0161a Tu\u010dev, Neboj\u0161a Gali\u0107<\/td>\n<\/tr>\n<tr class=\"row-4\">\n\t<td class=\"column-1\">20:00<\/td><td class=\"column-2\">Razgovor o delima \u201eKlanica 5\u201c i \u201eSvra\u010dje noge\u201c Kurta Vonegata<\/td><td class=\"column-3\">Goran Skrobonja, Aleksandar \u0160urbatovi\u0107, Irena Daji\u0107<\/td>\n<\/tr>\n<tr class=\"row-5\">\n\t<td class=\"column-1\">21:00<\/td><td class=\"column-2\">Predstavljanje izdava\u010dke ku\u0107e \u201eStrahor\u201c  i knjige \u201eKroz oganj i vodu\u201c<\/td><td class=\"column-3\">Aleksandar Te\u0161i\u0107, \u0110or\u0111e Baji\u0107<\/td>\n<\/tr>\n<\/tbody>\n<\/table>\n<!-- #tablepress-7 from cache -->\n<p><strong>Ponedeljak, 30. maj 2016.<\/strong><\/p>\n\n<table id=\"tablepress-8\" class=\"tablepress tablepress-id-8\">\n<thead>\n<tr class=\"row-1\">\n\t<th class=\"column-1\">Vreme<\/th><th class=\"column-2\">Doga\u0111aj<\/th><th class=\"column-3\">U\u010desnici<\/th>\n<\/tr>\n<\/thead>\n<tbody class=\"row-striping row-hover\">\n<tr class=\"row-2\">\n\t<td class=\"column-1\">18:00<\/td><td class=\"column-2\">Predstavljanje almanaha \u201eKnji\u017eevna fantastika 2016\u201c<\/td><td class=\"column-3\">Dragoljub Igro\u0161anac, Mladen Jakovljevi\u0107 i autori<\/td>\n<\/tr>\n<tr class=\"row-3\">\n\t<td class=\"column-1\">19:00<\/td><td class=\"column-2\"><a href=\"http:\/\/art-anima.com\/festival\/2016\/05\/nagrada-za-popularizaciju-fantastike-ziki-bogdanovicu\/\">Dodela nagrade \u201eArt-Anima\u201c \u017diki Bogdanovi\u0107u za popularizaciju fantastike\"<\/a><\/td><td class=\"column-3\">\u017dika Bogdanovi\u0107 i Slobodan Ivkov<\/td>\n<\/tr>\n<tr class=\"row-4\">\n\t<td class=\"column-1\">20:00<\/td><td class=\"column-2\"><a href=\"http:\/\/art-anima.com\/festival\/2016\/05\/predstavljanje-romana-tumac-fotografije-zorana-zivkovica-i-adrijena-tomaza\/\">Promocija romana \u201eTuma\u010d fotografija\u201c Zorana \u017divkovi\u0107a i Adrijena Tomaza<\/a><\/td><td class=\"column-3\">Zoran \u017divkovi\u0107, Adrijen Tomaz, Amalija Vitezovi\u0107<\/td>\n<\/tr>\n<tr class=\"row-5\">\n\t<td class=\"column-1\">21:00<\/td><td class=\"column-2\">Promocija zbirke \u201eVampirske pri\u010de\u201c Gorana Skrobonje<\/td><td class=\"column-3\">Goran Skrobonja, Dejan Ognjanovi\u0107, Mladen Milosavljevi\u0107<\/td>\n<\/tr>\n<\/tbody>\n<\/table>\n<!-- #tablepress-8 from cache -->\n<p><strong>Utorak, 31. maj 2016.<\/strong><\/p>\n\n<table id=\"tablepress-9\" class=\"tablepress tablepress-id-9\">\n<thead>\n<tr class=\"row-1\">\n\t<th class=\"column-1\">Vreme<\/th><th class=\"column-2\">Doga\u0111aj<\/th><th class=\"column-3\">U\u010desnici<\/th>\n<\/tr>\n<\/thead>\n<tbody class=\"row-striping row-hover\">\n<tr class=\"row-2\">\n\t<td class=\"column-1\">18:00<\/td><td class=\"column-2\">Predstavljanje festivala \u201eRefesticon 2016\u201c<\/td><td class=\"column-3\">Dragi\u0107 Rabrenovi\u0107, Dragoljub Igro\u0161anac<\/td>\n<\/tr>\n<tr class=\"row-3\">\n\t<td class=\"column-1\">19:00<\/td><td class=\"column-2\">Predstavljanje romana \u201eZakopani d\u017ein\u201c Kazua I\u0161igura<\/td><td class=\"column-3\">Milo\u0161 Joci\u0107, Aleksandar \u0160urbatovi\u0107, Irena Daji\u0107<\/td>\n<\/tr>\n<tr class=\"row-4\">\n\t<td class=\"column-1\">20:00<\/td><td class=\"column-2\"><a href=\"http:\/\/art-anima.com\/festival\/2016\/05\/fantastika-kao-moderna-mitologija\/\">Tribina: \"Fantastika kao moderna mitologija\"<\/a><\/td><td class=\"column-3\">ma Igor Vuj\u010di\u0107 i<br \/>\nMihajlo Vitezovi\u0107<br \/>\n<\/td>\n<\/tr>\n<tr class=\"row-5\">\n\t<td class=\"column-1\">21:00<\/td><td class=\"column-2\"><a href=\"http:\/\/art-anima.com\/festival\/2016\/05\/engleska-prica-o-duhovima-od-klasicne-do-moderne\/\">Pedavanje: \"Engleska pri\u010da o duhovima: od klasi\u010dne do moderne\"<\/a><\/td><td class=\"column-3\">dr Dejan Ognjanovi\u0107<\/td>\n<\/tr>\n<\/tbody>\n<\/table>\n<!-- #tablepress-9 from cache -->\n<p><strong>Sreda, 01. jun 2016.<\/strong><\/p>\n\n<table id=\"tablepress-10\" class=\"tablepress tablepress-id-10\">\n<thead>\n<tr class=\"row-1\">\n\t<th class=\"column-1\">Vreme<\/th><th class=\"column-2\">Doga\u0111aj<\/th><th class=\"column-3\">U\u010desnici<\/th>\n<\/tr>\n<\/thead>\n<tbody class=\"row-striping row-hover\">\n<tr class=\"row-2\">\n\t<td class=\"column-1\">18:00<\/td><td class=\"column-2\">Promocija romana \u201eJedno \u0111ubre manje\u201c \u0110or\u0111a Baji\u0107a<\/td><td class=\"column-3\">\u0110or\u0111e Baji\u0107, Nikola Petakovi\u0107<\/td>\n<\/tr>\n<tr class=\"row-3\">\n\t<td class=\"column-1\">19:00<\/td><td class=\"column-2\"><a href=\"http:\/\/art-anima.com\/festival\/2016\/05\/putujuce-price-od-literature-do-video-igara-i-nazad\/\">Pedavanje: \"Putuju\u0107e pri\u010de od literature do video igara i nazad\"<\/a><\/td><td class=\"column-3\">dr Ljiljana Gavrilovi\u0107<\/td>\n<\/tr>\n<tr class=\"row-4\">\n\t<td class=\"column-1\">20:00<\/td><td class=\"column-2\"><a href=\"http:\/\/art-anima.com\/festival\/2016\/05\/zasto-i-kako-predavati-naucnu-fantastiku\/\">Pedavanje: \"Za\u0161to i kako predavati nau\u010dnu fantastiku\"<\/a><\/td><td class=\"column-3\">dr Zorica \u0110ergovi\u0107 Joksimovi\u0107<\/td>\n<\/tr>\n<tr class=\"row-5\">\n\t<td class=\"column-1\">21:00<\/td><td class=\"column-2\">Promocija stripa \u201eDru\u017eina Dardaneli \u2013 Zlo\u010din na svetskoj izlo\u017ebi\u201c<\/td><td class=\"column-3\">Pavle Zeli\u0107 i Dragan Paunovi\u0107<\/td>\n<\/tr>\n<\/tbody>\n<\/table>\n<!-- #tablepress-10 from cache -->\n<p>&nbsp;<\/p>\n<p><span style=\"color: #800000;\"><strong>Napomena: program festivala podlo\u017ean je promenama<\/strong><\/span><\/p>\n<p>&#8230;<\/p>\n<p>Arhiva:<\/p>\n<p><a href=\"https:\/\/art-anima.com\/festival\/program-2024\/\" target=\"_blank\">Program festivala 2024.<\/a>\u00a0&#8211; Dor\u0107ol Platz \/ Koska Bar (08. i 09. jun)<\/p>\n<p><a href=\"https:\/\/art-anima.com\/festival\/program-2023\/\" target=\"_blank\">Program festivala 2023.<\/a>\u00a0&#8211; Kulturni centar Grad (05. i 06. jul)<\/p>\n<p><a href=\"https:\/\/art-anima.com\/festival\/program-2022\/\" target=\"_blank\">Program festivala 2022.<\/a>\u00a0&#8211; Klub galerija Polet (04. i 05. jul)<\/p>\n<p><a href=\"http:\/\/art-anima.com\/festival\/program-2021\/\">Program festivala 2021.<\/a>\u00a0&#8211; Klub galerija Polet (04. i 05. jul)<\/p>\n<p><a href=\"http:\/\/art-anima.com\/festival\/program-2019\/\">Program festivala 2019.<\/a>\u00a0&#8211;\u00a0Klub galerija Polet (30. maj &#8211; 02. jun),\u00a0Sve\u010dana sala Op\u0161tine Vra\u010dar (03. jun 2019)<\/p>\n<p><a href=\"http:\/\/art-anima.com\/festival\/program-2018\/\">Program festivala 2018.<\/a>\u00a0&#8211; Sve\u010dana sala Op\u0161tine Vra\u010dar (01. jun), Klub galerija Polet (02. i 03. jun 2018.)<\/p>\n<p><a href=\"http:\/\/art-anima.com\/festival\/program-2017\/\">Program festivala 2017<\/a>. &#8211; Klub galerija Polet 03. i 04. jun 2017.<\/p>\n<p><a href=\"http:\/\/art-anima.com\/festival\/program-2016\">Program festivala 2016.<\/a>\u00a0&#8211; Biblioteka grada Beograda 29. maj-02. jun 2016.<\/p>\n<p><a href=\"http:\/\/art-anima.com\/festival\/program-festivala-2015\">Program festivala 2015.<\/a>\u00a0&#8211; Knji\u017eara Plato 02-04. jun 2015.<\/p>\n<p><a href=\"http:\/\/art-anima.com\/festival\/2014\/04\/program-festivala\/\">Program festivala 2014<\/a>. &#8211; UK Palilula 15-17. maj 2014.<\/p>\n","protected":false},"excerpt":{"rendered":"<p>Nedelja, 29. maj 2016. Ponedeljak, 30. maj 2016. Utorak, 31. maj 2016. Sreda, 01. jun 2016. &nbsp; Napomena: program festivala podlo\u017ean je promenama &#8230; Arhiva: Program festivala 2024.\u00a0&#8211; Dor\u0107ol Platz \/ Koska Bar (08. i 09. jun) Program festivala 2023.\u00a0&#8211; Kulturni centar Grad (05. i 06. jul) Program festivala 2022.\u00a0&#8211; Klub galerija Polet (04. i [&hellip;]<\/p>\n","protected":false},"author":2,"featured_media":598,"parent":0,"menu_order":0,"comment_status":"open","ping_status":"open","template":"","meta":{"footnotes":""},"class_list":["post-507","page","type-page","status-publish","has-post-thumbnail","hentry"],"_links":{"self":[{"href":"http:\/\/art-anima.com\/festival\/wp-json\/wp\/v2\/pages\/507"}],"collection":[{"href":"http:\/\/art-anima.com\/festival\/wp-json\/wp\/v2\/pages"}],"about":[{"href":"http:\/\/art-anima.com\/festival\/wp-json\/wp\/v2\/types\/page"}],"author":[{"embeddable":true,"href":"http:\/\/art-anima.com\/festival\/wp-json\/wp\/v2\/users\/2"}],"replies":[{"embeddable":true,"href":"http:\/\/art-anima.com\/festival\/wp-json\/wp\/v2\/comments?post=507"}],"version-history":[{"count":12,"href":"http:\/\/art-anima.com\/festival\/wp-json\/wp\/v2\/pages\/507\/revisions"}],"predecessor-version":[{"id":1432,"href":"http:\/\/art-anima.com\/festival\/wp-json\/wp\/v2\/pages\/507\/revisions\/1432"}],"wp:featuredmedia":[{"embeddable":true,"href":"http:\/\/art-anima.com\/festival\/wp-json\/wp\/v2\/media\/598"}],"wp:attachment":[{"href":"http:\/\/art-anima.com\/festival\/wp-json\/wp\/v2\/media?parent=507"}],"curies":[{"name":"wp","href":"https:\/\/api.w.org\/{rel}","templated":true}]}}