{"id":9,"date":"2013-11-28T13:23:25","date_gmt":"2013-11-28T12:23:25","guid":{"rendered":"http:\/\/art-anima.com\/festival\/?page_id=9"},"modified":"2025-07-17T16:16:52","modified_gmt":"2025-07-17T14:16:52","slug":"o-festivalu","status":"publish","type":"page","link":"http:\/\/art-anima.com\/festival\/o-festivalu\/","title":{"rendered":"O festivalu"},"content":{"rendered":"\n<p>Festival posve\u0107en fantasti\u010dnoj knji\u017eevnosti i njenom uticaju na dru\u0161tvene i kulturne aspekte, ove godine ugosti\u0107e tridesetak u\u010desnika: pisaca, urednika, knji\u017eevnih kriti\u010dara i teoreti\u010dara. Oni \u0107e govoriti o knji\u017eevnosti pisanoj u klju\u010du fantastike i njenim va\u017enim ulogama po\u010dev od uticaja na kulturu \u010ditanja i kreativnog pisanja, preko promocije nau\u010dnih koncepata, pa do istra\u017eivanja osetljivih dru\u0161tvenih pitanja i&nbsp;podsticanja empatije i razumevanja.<\/p>\n\n\n\n<p>&nbsp;<\/p>\n\n\n\n<p><span style=\"color: #000080;\"><strong>Organizatori X Festivala fantasti\u010dne knji\u017eevnosti Art-Anima su:<\/strong><\/span><\/p>\n\n\n\n<p><span style=\"color: #333333;\"><strong>ART-ANIMA.COM<\/strong><\/span><\/p>\n\n\n\n<p>Sajt za popularizaciju knji\u017eevne fantastike.<\/p>\n\n\n\n<p>Web sajt: <a href=\"http:\/\/art-anima.com\">www.art-anima.com<\/a><\/p>\n\n\n\n<p>&nbsp;<\/p>\n\n\n\n<p><span style=\"color: #333333;\"><strong>KONTRAST IZDAVA\u0160TVO<\/strong><\/span><\/p>\n\n\n\n<p>Mlada izdava\u010dka ku\u0107a u \u010dijem bogatom izdava\u010dkom programu mesto nalaze i probrana dela fantastike.<\/p>\n\n\n\n<p>Web sajt:&nbsp;<a href=\"http:\/\/kontrastizdavastvo.rs\/\">www.kontrastizdavastvo.rs<\/a><\/p>\n\n\n\n<p>&nbsp;<\/p>\n\n\n\n<p><span style=\"color: #000080;\"><strong>Mesto odr\u017eavanja:<\/strong><\/span><\/p>\n\n\n\n<p><strong>DOR\u0106OL PLATZ, MALI PLAC<\/strong><\/p>\n\n\n\n<p>Dor\u0107ol Platz multidisciplinarna art komuna otvorena za sve kreativne ljude, mesto susreta svih koji se zala\u017eu za kulturne i dru\u0161tvene promene.<\/p>\n\n\n\n<p>Web sajt: <a href=\"https:\/\/www.dorcolplatz.rs\/\" target=\"_blank\" rel=\"noopener\">https:\/\/www.dorcolplatz.rs\/<\/a><\/p>\n\n\n\n<p>&nbsp;<\/p>\n\n\n\n<p><\/p>\n\n\n\n<p>&nbsp;<\/p>\n\n\n\n<p><\/p>\n\n\n\n<p><\/p>\n","protected":false},"excerpt":{"rendered":"<p>Festival posve\u0107en fantasti\u010dnoj knji\u017eevnosti i njenom uticaju na dru\u0161tvene i kulturne aspekte, ove godine ugosti\u0107e tridesetak u\u010desnika: pisaca, urednika, knji\u017eevnih kriti\u010dara i teoreti\u010dara. Oni \u0107e govoriti o knji\u017eevnosti pisanoj u klju\u010du fantastike i njenim va\u017enim ulogama po\u010dev od uticaja na kulturu \u010ditanja i kreativnog pisanja, preko promocije nau\u010dnih koncepata, pa do istra\u017eivanja osetljivih dru\u0161tvenih pitanja [&hellip;]<\/p>\n","protected":false},"author":1,"featured_media":1660,"parent":0,"menu_order":0,"comment_status":"open","ping_status":"open","template":"","meta":{"footnotes":""},"class_list":["post-9","page","type-page","status-publish","has-post-thumbnail","hentry"],"_links":{"self":[{"href":"http:\/\/art-anima.com\/festival\/wp-json\/wp\/v2\/pages\/9"}],"collection":[{"href":"http:\/\/art-anima.com\/festival\/wp-json\/wp\/v2\/pages"}],"about":[{"href":"http:\/\/art-anima.com\/festival\/wp-json\/wp\/v2\/types\/page"}],"author":[{"embeddable":true,"href":"http:\/\/art-anima.com\/festival\/wp-json\/wp\/v2\/users\/1"}],"replies":[{"embeddable":true,"href":"http:\/\/art-anima.com\/festival\/wp-json\/wp\/v2\/comments?post=9"}],"version-history":[{"count":37,"href":"http:\/\/art-anima.com\/festival\/wp-json\/wp\/v2\/pages\/9\/revisions"}],"predecessor-version":[{"id":1763,"href":"http:\/\/art-anima.com\/festival\/wp-json\/wp\/v2\/pages\/9\/revisions\/1763"}],"wp:featuredmedia":[{"embeddable":true,"href":"http:\/\/art-anima.com\/festival\/wp-json\/wp\/v2\/media\/1660"}],"wp:attachment":[{"href":"http:\/\/art-anima.com\/festival\/wp-json\/wp\/v2\/media?parent=9"}],"curies":[{"name":"wp","href":"https:\/\/api.w.org\/{rel}","templated":true}]}}