{"id":1409,"date":"2024-05-15T14:18:06","date_gmt":"2024-05-15T12:18:06","guid":{"rendered":"http:\/\/art-anima.com\/festival\/?page_id=1409"},"modified":"2024-05-23T08:10:49","modified_gmt":"2024-05-23T06:10:49","slug":"program-2024","status":"publish","type":"page","link":"https:\/\/art-anima.com\/festival\/program-2024\/","title":{"rendered":"PROGRAM 2024"},"content":{"rendered":"<p><strong>Subota, 08. jun 2024.<\/strong><\/p>\n\n<table id=\"tablepress-27\" class=\"tablepress tablepress-id-27\">\n<thead>\n<tr class=\"row-1\">\n\t<th class=\"column-1\">Vreme<\/th><th class=\"column-2\">Doga\u0111aj<\/th><th class=\"column-3\">U\u010desnici<\/th>\n<\/tr>\n<\/thead>\n<tbody class=\"row-striping row-hover\">\n<tr class=\"row-2\">\n\t<td class=\"column-1\">16.00<\/td><td class=\"column-2\"><a href=\"https:\/\/art-anima.com\/festival\/2024\/05\/razgovor-o-antologiji-nadzemlje-onostranog\/\">Razgovor o antologiji \u201eNadzemlje onostranog\u201c<\/a><\/td><td class=\"column-3\">Sava Damjanov i Milo\u0161 \u017divkovi\u0107. Moderator: Dragana Bo\u0161kovi\u0107.<\/td>\n<\/tr>\n<tr class=\"row-3\">\n\t<td class=\"column-1\">17.00<\/td><td class=\"column-2\"><a href=\"https:\/\/art-anima.com\/festival\/2024\/05\/nagrada-art-anima-ljiljani-pesikan-ljustanovic\/\">Dodela nagrade \u201eArt-Anima\u201c Ljiljani Pe\u0161ikan Lju\u0161tanovi\u0107<\/a><\/td><td class=\"column-3\">Ljiljana Pe\u0161ikan Lju\u0161tanovi\u0107 i Tijana Tropin.<\/td>\n<\/tr>\n<tr class=\"row-4\">\n\t<td class=\"column-1\">18.00<\/td><td class=\"column-2\"><a href=\"https:\/\/art-anima.com\/festival\/2024\/05\/razgovor-o-romanima-zadusnice-dejana-ognjanovica-i-tajni-svat-marka-piseva\/\">Razgovor o romanima \u201eZadu\u0161nice\u201c Dejana Ognjanovi\u0107a i \u201eTajni svat\u201c Marka Pi\u0161eva<\/a><\/td><td class=\"column-3\">Dejan Ognjanovi\u0107 i Marko Pi\u0161ev. Moderator: Filip Rogovi\u0107.<\/td>\n<\/tr>\n<tr class=\"row-5\">\n\t<td class=\"column-1\">19.00<\/td><td class=\"column-2\"><a href=\"https:\/\/art-anima.com\/festival\/2024\/06\/tribina-anatomija-tamne-fantazije\/\">Tribina \u201eAnatomija tamne fantazije\u201c<\/a><\/td><td class=\"column-3\">Mateja Mati\u0107 i Sr\u0111an Mitrovi\u0107. Moderator: Milo\u0161 Joci\u0107.<\/td>\n<\/tr>\n<tr class=\"row-6\">\n\t<td class=\"column-1\">20.00<\/td><td class=\"column-2\"><a href=\"https:\/\/art-anima.com\/festival\/2024\/05\/razgovor-o-stivenu-kingu\/\">Razgovor o Stivenu Kingu<\/a><\/td><td class=\"column-3\">Goran Skrobonja i Oto Oltvanji. Moderator: Tamara Soki\u0107.<\/td>\n<\/tr>\n<\/tbody>\n<\/table>\n<!-- #tablepress-27 from cache -->\n<p>&nbsp;<\/p>\n<p><strong>Nedelja, 09. jun 2024.<\/strong><\/p>\n\n<table id=\"tablepress-29\" class=\"tablepress tablepress-id-29\">\n<thead>\n<tr class=\"row-1\">\n\t<th class=\"column-1\">Vreme<\/th><th class=\"column-2\">Doga\u0111aj<\/th><th class=\"column-3\">U\u010desnici<\/th>\n<\/tr>\n<\/thead>\n<tbody class=\"row-striping row-hover\">\n<tr class=\"row-2\">\n\t<td class=\"column-1\">16.00<\/td><td class=\"column-2\"><a href=\"https:\/\/art-anima.com\/festival\/2024\/06\/razgovor-o-romanu-guguto-memeto-stefana-mitica-ticmija\/\">Razgovor o romanu \u201eGuguto Memeto\u201c Stefana Ti\u0107mija<\/a><\/td><td class=\"column-3\">Stefan Ti\u0107mi i Milo\u0161 \u017divkovi\u0107. Moderator: Ivan Isailovi\u0107. Odlomke \u010dita: Trifun Marinkovi\u0107.<\/td>\n<\/tr>\n<tr class=\"row-3\">\n\t<td class=\"column-1\">17.15<\/td><td class=\"column-2\"><a href=\"https:\/\/art-anima.com\/festival\/2024\/05\/tribina-pesak-dine-na-filmskoj-traci\/\">Pesak \"Dine\" na filmskoj traci<\/a><\/td><td class=\"column-3\">Marko Vojnovi\u0107, Nastasja Pisarev i Mihajlo Vitezovi\u0107. Moderator: Nemanja \u0106ali\u0107.<\/td>\n<\/tr>\n<tr class=\"row-4\">\n\t<td class=\"column-1\">18.30<\/td><td class=\"column-2\"><a href=\"https:\/\/art-anima.com\/festival\/2024\/06\/promocija-novog-10-broja-knjizevne-fantastike-i-reizdanja-1-broja\/\">Promocija 10. broja i reizdanja 1. broja \u010dasopisa \u201eKnji\u017eevna fantastika\u201c<\/a><\/td><td class=\"column-3\">Zorica \u0110ergovi\u0107 Joksimovi\u0107, Goran Skrobonja, Marijana Jelisav\u010di\u0107 Karanovi\u0107 i Dragoljub Igro\u0161anac. Moderator: Tamara Soki\u0107.<\/td>\n<\/tr>\n<tr class=\"row-5\">\n\t<td class=\"column-1\">19.45<\/td><td class=\"column-2\"><a href=\"https:\/\/art-anima.com\/festival\/2024\/05\/predstavljanje-romana-naprata-mladena-milosavljevica\/\">Predstavljanje romana \u201eNaprata\u201c Mladena Milosavljevi\u0107a<\/a><\/td><td class=\"column-3\">Mladen Milosavljevi\u0107, Zoran Jankovi\u0107 i Danilo Be\u0107kovi\u0107. Moderator: \u0110or\u0111e Baji\u0107.<\/td>\n<\/tr>\n<tr class=\"row-6\">\n\t<td class=\"column-1\">21.00<\/td><td class=\"column-2\"><a href=\"https:\/\/art-anima.com\/festival\/2024\/06\/tribina-sendmenov-svet-od-mitova-do-netflixa\/\">Tribina \u201eSendmenov svet: Od mitova do Netflixa\u201c<\/a><\/td><td class=\"column-3\">Nikola Dragomirovi\u0107 i Du\u0161an Majki\u0107. Moderator: Vlado Rukavina.<\/td>\n<\/tr>\n<\/tbody>\n<\/table>\n<!-- #tablepress-29 from cache -->\n<p>&nbsp;<\/p>\n<p>&nbsp;<\/p>\n<p>&nbsp;<\/p>\n<p><span style=\"color: #800000;\"><strong>Napomena: program festivala podlo\u017ean je promenama<\/strong><\/span><\/p>\n<p>&#8230;<\/p>\n<p>Arhiva:<\/p>\n<p><a href=\"https:\/\/art-anima.com\/festival\/program-2024\/\" target=\"_blank\">Program festivala 2024.<\/a>\u00a0&#8211; Dor\u0107ol Platz \/ Koska Bar (08. i 09. jun)<\/p>\n<p><a href=\"https:\/\/art-anima.com\/festival\/program-2023\/\" target=\"_blank\">Program festivala 2023.<\/a>\u00a0&#8211; Kulturni centar Grad (05. i 06. jul)<\/p>\n<p><a href=\"https:\/\/art-anima.com\/festival\/program-2022\/\" target=\"_blank\">Program festivala 2022.<\/a>\u00a0&#8211; Klub galerija Polet (04. i 05. jul)<\/p>\n<p><a href=\"http:\/\/art-anima.com\/festival\/program-2021\/\">Program festivala 2021.<\/a>\u00a0&#8211; Klub galerija Polet (04. i 05. jul)<\/p>\n<p><a href=\"http:\/\/art-anima.com\/festival\/program-2019\/\">Program festivala 2019.<\/a>\u00a0&#8211;\u00a0Klub galerija Polet (30. maj &#8211; 02. jun),\u00a0Sve\u010dana sala Op\u0161tine Vra\u010dar (03. jun 2019)<\/p>\n<p><a href=\"http:\/\/art-anima.com\/festival\/program-2018\/\">Program festivala 2018.<\/a>\u00a0&#8211; Sve\u010dana sala Op\u0161tine Vra\u010dar (01. jun), Klub galerija Polet (02. i 03. jun 2018.)<\/p>\n<p><a href=\"http:\/\/art-anima.com\/festival\/program-2017\/\">Program festivala 2017<\/a>. &#8211; Klub galerija Polet 03. i 04. jun 2017.<\/p>\n<p><a href=\"http:\/\/art-anima.com\/festival\/program-2016\">Program festivala 2016.<\/a>\u00a0&#8211; Biblioteka grada Beograda 29. maj-02. jun 2016.<\/p>\n<p><a href=\"http:\/\/art-anima.com\/festival\/program-festivala-2015\">Program festivala 2015.<\/a>\u00a0&#8211; Knji\u017eara Plato 02-04. jun 2015.<\/p>\n<p><a href=\"http:\/\/art-anima.com\/festival\/2014\/04\/program-festivala\/\">Program festivala 2014<\/a>. &#8211; UK Palilula 15-17. maj 2014.<\/p>\n","protected":false},"excerpt":{"rendered":"<p>Subota, 08. jun 2024. &nbsp; Nedelja, 09. jun 2024. &nbsp; &nbsp; &nbsp; Napomena: program festivala podlo\u017ean je promenama &#8230; Arhiva: Program festivala 2024.\u00a0&#8211; Dor\u0107ol Platz \/ Koska Bar (08. i 09. jun) Program festivala 2023.\u00a0&#8211; Kulturni centar Grad (05. i 06. jul) Program festivala 2022.\u00a0&#8211; Klub galerija Polet (04. i 05. jul) Program festivala 2021.\u00a0&#8211; [&hellip;]<\/p>\n","protected":false},"author":1,"featured_media":1406,"parent":0,"menu_order":0,"comment_status":"closed","ping_status":"closed","template":"","meta":{"footnotes":""},"class_list":["post-1409","page","type-page","status-publish","has-post-thumbnail","hentry"],"_links":{"self":[{"href":"https:\/\/art-anima.com\/festival\/wp-json\/wp\/v2\/pages\/1409"}],"collection":[{"href":"https:\/\/art-anima.com\/festival\/wp-json\/wp\/v2\/pages"}],"about":[{"href":"https:\/\/art-anima.com\/festival\/wp-json\/wp\/v2\/types\/page"}],"author":[{"embeddable":true,"href":"https:\/\/art-anima.com\/festival\/wp-json\/wp\/v2\/users\/1"}],"replies":[{"embeddable":true,"href":"https:\/\/art-anima.com\/festival\/wp-json\/wp\/v2\/comments?post=1409"}],"version-history":[{"count":4,"href":"https:\/\/art-anima.com\/festival\/wp-json\/wp\/v2\/pages\/1409\/revisions"}],"predecessor-version":[{"id":1439,"href":"https:\/\/art-anima.com\/festival\/wp-json\/wp\/v2\/pages\/1409\/revisions\/1439"}],"wp:featuredmedia":[{"embeddable":true,"href":"https:\/\/art-anima.com\/festival\/wp-json\/wp\/v2\/media\/1406"}],"wp:attachment":[{"href":"https:\/\/art-anima.com\/festival\/wp-json\/wp\/v2\/media?parent=1409"}],"curies":[{"name":"wp","href":"https:\/\/api.w.org\/{rel}","templated":true}]}}