{"id":1574,"date":"2025-06-09T10:30:14","date_gmt":"2025-06-09T08:30:14","guid":{"rendered":"https:\/\/art-anima.com\/festival\/?page_id=1574"},"modified":"2025-06-21T08:36:43","modified_gmt":"2025-06-21T06:36:43","slug":"program-2025","status":"publish","type":"page","link":"https:\/\/art-anima.com\/festival\/program-2025\/","title":{"rendered":"PROGRAM 2025"},"content":{"rendered":"\n<p><strong>Petak, 27. jun 2025.<\/strong><\/p>\n\n\n\n<table id=\"tablepress-30\" class=\"tablepress tablepress-id-30\">\n<thead>\n<tr class=\"row-1\">\n\t<th class=\"column-1\">Vreme<\/th><th class=\"column-2\">Doga\u0111aj<\/th><th class=\"column-3\">U\u010desnici<\/th>\n<\/tr>\n<\/thead>\n<tbody class=\"row-striping row-hover\">\n<tr class=\"row-2\">\n\t<td class=\"column-1\">17.15<\/td><td class=\"column-2\"><a href=\"https:\/\/art-anima.com\/festival\/2025\/06\/predstavljanje-romana-bilo-bi-jednom-u-jugoslaviji-marka-bozica\/\">Predstavljanje romana \u201eBilo bi jednom u Jugoslaviji\u201c Marka Bo\u017ei\u0107a<\/a><\/td><td class=\"column-3\">Marko Bo\u017ei\u0107 i Ivan Isailovi\u0107<\/td>\n<\/tr>\n<tr class=\"row-3\">\n\t<td class=\"column-1\">18.30<\/td><td class=\"column-2\"><a href=\"https:\/\/art-anima.com\/festival\/2025\/06\/tribina-kaidan-i-zacudnost-pogled-u-tradiciju-japanske-fantazije\/\">Tribina: \u201eKaidan i za\u010dudnost \u2013 Pogled u tradiciju japanske fantazije\u201c<\/a><\/td><td class=\"column-3\">Milica Mesarovi\u0107, Mira Satari\u0107, Mateja Mati\u0107, Jelena Jokanovi\u0107 (moderator)<\/td>\n<\/tr>\n<tr class=\"row-4\">\n\t<td class=\"column-1\">19.45<\/td><td class=\"column-2\"><a href=\"https:\/\/art-anima.com\/festival\/2025\/06\/slovenska-mitologija-u-savremenoj-srpskoj-zanrovskoj-knjizevnosti\/\">Tribina: \u201eSlovenska mitologija u savremenoj srpskoj \u017eanrovskoj knji\u017eevnosti\u201c<\/a><\/td><td class=\"column-3\">Neboj\u0161a Petkovi\u0107, Ivana Ne\u0161i\u0107, Nenad Gaji\u0107, Ivan Vukadinovi\u0107 (moderator)<\/td>\n<\/tr>\n<tr class=\"row-5\">\n\t<td class=\"column-1\">21.00<\/td><td class=\"column-2\"><a href=\"https:\/\/art-anima.com\/festival\/2025\/06\/predstavljanje-27-broja-casopisa-znak-sagite\/\">Predstavljanje 27. broja \u010dasopisa Znak sagite<\/a><\/td><td class=\"column-3\">Miodrag Mi\u0107a Milovanovi\u0107, Milan Peca Nikoli\u0107, Vladimir \u0110uri\u0107<\/td>\n<\/tr>\n<\/tbody>\n<\/table>\n<!-- #tablepress-30 from cache -->\n\n\n<figure class=\"wp-block-image size-full\"><a href=\"http:\/\/art-anima.com\/festival\/wp-content\/uploads\/2025\/06\/separator.jpg\"><img loading=\"lazy\" decoding=\"async\" width=\"100\" height=\"10\" src=\"http:\/\/art-anima.com\/festival\/wp-content\/uploads\/2025\/06\/separator.jpg\" alt=\"\" class=\"wp-image-1666\"\/><\/a><\/figure>\n\n\n\n<figure class=\"wp-block-image size-full\"><a href=\"http:\/\/art-anima.com\/festival\/wp-content\/uploads\/2025\/06\/separator.jpg\"><img loading=\"lazy\" decoding=\"async\" width=\"100\" height=\"10\" src=\"http:\/\/art-anima.com\/festival\/wp-content\/uploads\/2025\/06\/separator.jpg\" alt=\"\" class=\"wp-image-1666\"\/><\/a><\/figure>\n\n\n\n<p><strong>Nedelja, 29. jun 2025.<\/strong><\/p>\n\n\n\n\n<table id=\"tablepress-31\" class=\"tablepress tablepress-id-31\">\n<thead>\n<tr class=\"row-1\">\n\t<th class=\"column-1\">Vreme<\/th><th class=\"column-2\">Doga\u0111aj<\/th><th class=\"column-3\">U\u010desnici<\/th>\n<\/tr>\n<\/thead>\n<tbody class=\"row-striping row-hover\">\n<tr class=\"row-2\">\n\t<td class=\"column-1\">16.00<\/td><td class=\"column-2\"><a href=\"https:\/\/art-anima.com\/festival\/2025\/06\/dva-nova-izdanja-casopisa-knjizevna-fantastika\/\">Predstavljanje 11. broja Knji\u017eevne fantastike i izmenjenog izdanja 2. broja<\/a><\/td><td class=\"column-3\">Zoran \u017divkovi\u0107, Aleksandra Vukeli\u0107, Marko Vojnovi\u0107, Dragoljub Igro\u0161anac, Tamara Soki\u0107 (moderator)<br \/>\n<\/td>\n<\/tr>\n<tr class=\"row-3\">\n\t<td class=\"column-1\">17.15<\/td><td class=\"column-2\"><a href=\"https:\/\/art-anima.com\/festival\/2025\/06\/zil-vern-zagor-i-kapetan-nemo\/\">\u017dil Vern, Zagor i Kapetan Nemo - Predstavljanje ilustrovanog izdanja romana \"20.000 milja pod morem\" i stripa \"Kapetan Nemo\"<\/a><\/td><td class=\"column-3\">Du\u0161an Mladenovi\u0107, Nikola Dragomirovi\u0107, Tijana Jovanovi\u0107, Du\u0161an Majki\u0107 (moderator)<br \/>\n<\/td>\n<\/tr>\n<tr class=\"row-4\">\n\t<td class=\"column-1\">18.30<\/td><td class=\"column-2\"><a href=\"https:\/\/art-anima.com\/festival\/2025\/06\/tribina-distopija-i-savremeno-drustvo\/\">Tribina: \u201eDistopija i savremeno dru\u0161tvo\u201c<\/a><\/td><td class=\"column-3\">Ljiljana Gavrilovi\u0107,  Slobodan Bubnjevi\u0107, Aleksandar \u0160urbatovi\u0107, Jovan Risti\u0107 (moderator)<\/td>\n<\/tr>\n<tr class=\"row-5\">\n\t<td class=\"column-1\">19.45<\/td><td class=\"column-2\"><a href=\"https:\/\/art-anima.com\/festival\/2025\/06\/tribina-manga-medij-fantastike\/\">Tribina: \u201eManga - medij fantastike\u201c<\/a><\/td><td class=\"column-3\">Ma\u0161a Medi\u0107, Aleksandar Ne\u0161i\u0107, Mateja Mati\u0107 (moderator)<\/td>\n<\/tr>\n<tr class=\"row-6\">\n\t<td class=\"column-1\">21.00<\/td><td class=\"column-2\"><a href=\"https:\/\/art-anima.com\/festival\/2025\/06\/predstavljanje-izdavackog-koncepta-crnoslovlje\/\">Predstavljanje izdava\u010dkog koncepta Crnoslovlje<\/a><\/td><td class=\"column-3\">Milan Kova\u010devi\u0107, Dejan Sklizovi\u0107, Yog, Milan Simi\u0107<\/td>\n<\/tr>\n<\/tbody>\n<\/table>\n<!-- #tablepress-31 from cache -->\n\n\n\n<figure class=\"wp-block-image size-full\"><a href=\"http:\/\/art-anima.com\/festival\/wp-content\/uploads\/2025\/06\/separator.jpg\"><img loading=\"lazy\" decoding=\"async\" width=\"100\" height=\"10\" src=\"http:\/\/art-anima.com\/festival\/wp-content\/uploads\/2025\/06\/separator.jpg\" alt=\"\" class=\"wp-image-1666\"\/><\/a><\/figure>\n\n\n\n<figure class=\"wp-block-image size-full\"><a href=\"http:\/\/art-anima.com\/festival\/wp-content\/uploads\/2025\/06\/separator.jpg\"><img loading=\"lazy\" decoding=\"async\" width=\"100\" height=\"10\" src=\"http:\/\/art-anima.com\/festival\/wp-content\/uploads\/2025\/06\/separator.jpg\" alt=\"\" class=\"wp-image-1666\"\/><\/a><\/figure>\n\n\n\n<figure class=\"wp-block-image size-full\"><a href=\"http:\/\/art-anima.com\/festival\/wp-content\/uploads\/2025\/06\/separator.jpg\"><img loading=\"lazy\" decoding=\"async\" width=\"100\" height=\"10\" src=\"http:\/\/art-anima.com\/festival\/wp-content\/uploads\/2025\/06\/separator.jpg\" alt=\"\" class=\"wp-image-1666\"\/><\/a><\/figure>\n\n\n\n<p class=\"has-text-color has-link-color wp-elements-07d70a15e8d85983bcc79d3e07970725\" style=\"color:#800000\"><strong>Napomena: program festivala podlo\u017ean je promenama<\/strong><\/p>\n\n\n\n<p>&#8230;<\/p>\n\n\n\n<p>Arhiva:<\/p>\n\n\n\n<p><a href=\"https:\/\/art-anima.com\/festival\/program-2024\/\" target=\"_blank\" rel=\"noreferrer noopener\">Program festivala 2024.<\/a>&nbsp;&#8211; Dor\u0107ol Platz \/ Koska Bar (08. i 09. jun)<\/p>\n\n\n\n<p><a href=\"https:\/\/art-anima.com\/festival\/program-2023\/\" target=\"_blank\" rel=\"noreferrer noopener\">Program festivala 2023.<\/a>&nbsp;&#8211; Kulturni centar Grad (05. i 06. jul)<\/p>\n\n\n\n<p><a href=\"https:\/\/art-anima.com\/festival\/program-2022\/\" target=\"_blank\" rel=\"noreferrer noopener\">Program festivala 2022.<\/a>&nbsp;&#8211; Klub galerija Polet (04. i 05. jul)<\/p>\n\n\n\n<p><a href=\"http:\/\/art-anima.com\/festival\/program-2021\/\">Program festivala 2021.<\/a>&nbsp;&#8211; Klub galerija Polet (04. i 05. jul)<\/p>\n\n\n\n<p><a href=\"http:\/\/art-anima.com\/festival\/program-2019\/\">Program festivala 2019.<\/a>&nbsp;&#8211;&nbsp;Klub galerija Polet (30. maj &#8211; 02. jun),&nbsp;Sve\u010dana sala Op\u0161tine Vra\u010dar (03. jun 2019)<\/p>\n\n\n\n<p><a href=\"http:\/\/art-anima.com\/festival\/program-2018\/\">Program festivala 2018.<\/a>&nbsp;&#8211; Sve\u010dana sala Op\u0161tine Vra\u010dar (01. jun), Klub galerija Polet (02. i 03. jun 2018.)<\/p>\n\n\n\n<p><a href=\"http:\/\/art-anima.com\/festival\/program-2017\/\">Program festivala 2017<\/a>. &#8211; Klub galerija Polet 03. i 04. jun 2017.<\/p>\n\n\n\n<p><a href=\"http:\/\/art-anima.com\/festival\/program-2016\">Program festivala 2016.<\/a>&nbsp;&#8211; Biblioteka grada Beograda 29. maj-02. jun 2016.<\/p>\n\n\n\n<p><a href=\"http:\/\/art-anima.com\/festival\/program-festivala-2015\">Program festivala 2015.<\/a>&nbsp;&#8211; Knji\u017eara Plato 02-04. jun 2015.<\/p>\n\n\n\n<p><a href=\"http:\/\/art-anima.com\/festival\/2014\/04\/program-festivala\/\">Program festivala 2014<\/a>. &#8211; UK Palilula 15-17. maj 2014.<\/p>\n","protected":false},"excerpt":{"rendered":"<p>Petak, 27. jun 2025. Nedelja, 29. jun 2025. Napomena: program festivala podlo\u017ean je promenama &#8230; Arhiva: Program festivala 2024.&nbsp;&#8211; Dor\u0107ol Platz \/ Koska Bar (08. i 09. jun) Program festivala 2023.&nbsp;&#8211; Kulturni centar Grad (05. i 06. jul) Program festivala 2022.&nbsp;&#8211; Klub galerija Polet (04. i 05. jul) Program festivala 2021.&nbsp;&#8211; Klub galerija Polet (04. [&hellip;]<\/p>\n","protected":false},"author":1,"featured_media":1660,"parent":0,"menu_order":0,"comment_status":"closed","ping_status":"closed","template":"","meta":{"footnotes":""},"class_list":["post-1574","page","type-page","status-publish","has-post-thumbnail","hentry"],"_links":{"self":[{"href":"https:\/\/art-anima.com\/festival\/wp-json\/wp\/v2\/pages\/1574"}],"collection":[{"href":"https:\/\/art-anima.com\/festival\/wp-json\/wp\/v2\/pages"}],"about":[{"href":"https:\/\/art-anima.com\/festival\/wp-json\/wp\/v2\/types\/page"}],"author":[{"embeddable":true,"href":"https:\/\/art-anima.com\/festival\/wp-json\/wp\/v2\/users\/1"}],"replies":[{"embeddable":true,"href":"https:\/\/art-anima.com\/festival\/wp-json\/wp\/v2\/comments?post=1574"}],"version-history":[{"count":8,"href":"https:\/\/art-anima.com\/festival\/wp-json\/wp\/v2\/pages\/1574\/revisions"}],"predecessor-version":[{"id":1670,"href":"https:\/\/art-anima.com\/festival\/wp-json\/wp\/v2\/pages\/1574\/revisions\/1670"}],"wp:featuredmedia":[{"embeddable":true,"href":"https:\/\/art-anima.com\/festival\/wp-json\/wp\/v2\/media\/1660"}],"wp:attachment":[{"href":"https:\/\/art-anima.com\/festival\/wp-json\/wp\/v2\/media?parent=1574"}],"curies":[{"name":"wp","href":"https:\/\/api.w.org\/{rel}","templated":true}]}}